ctor of 1389798 and 368.
46
Calculate the greatest common divisor of 16 and 75463408.
16
What is the highest common divisor of 19111 and 775643?
659
What is the highest common factor of 198 and 30139362?
198
Calculate the greatest common divisor of 74468888 and 173.
173
What is the highest common divisor of 832 and 33059?
13
What is the greatest common divisor of 2738277900 and 2490?
2490
What is the highest common factor of 3459935 and 45347?
137
What is the highest common factor of 7945908 and 68100?
2724
Calculate the highest common factor of 4101188 and 3229478.
8302
What is the highest common divisor of 227331 and 91053?
603
Calculate the highest common divisor of 348110130 and 206.
206
Calculate the greatest common factor of 1197 and 9576658.
7
Calculate the highest common factor of 220 and 216148.
4
Calculate the highest common factor of 100 and 11910800.
100
What is the greatest common factor of 544860 and 3750?
30
What is the highest common factor of 10516514 and 236?
118
What is the greatest common divisor of 37320 and 5445?
15
Calculate the greatest common divisor of 11066 and 1208218.
22
What is the greatest common factor of 28327 and 1721410?
2179
Calculate the greatest common divisor of 289 and 2119067.
17
Calculate the highest common factor of 30175289 and 221.
17
Calculate the highest common factor of 130 and 160550.
130
What is the highest common factor of 97692 and 202160?
28
What is the highest common factor of 72067910 and 590?
590
Calculate the greatest common divisor of 28316054 and 262102.
9038
What is the highest common divisor of 2656 and 392928?
32
Calculate the greatest common divisor of 21630 and 235130.
70
What is the highest common factor of 5564 and 1667702?
214
What is the greatest common divisor of 904 and 76212624?
904
Calculate the greatest common factor of 24743806 and 153.
17
What is the highest common factor of 5404304 and 14416?
848
What is the greatest common divisor of 21098 and 123186?
14
What is the highest common divisor of 98228 and 325?
13
What is the greatest common factor of 14475416 and 152?
152
What is the highest common divisor of 18 and 79862445?
9
What is the greatest common divisor of 18232 and 293232?
8
Calculate the highest common divisor of 28997502 and 12.
6
Calculate the highest common divisor of 480 and 135981840.
240
Calculate the highest common divisor of 614304 and 21708.
324
Calculate the greatest common divisor of 1127245 and 180830.
535
What is the greatest common factor of 1131991512 and 6852?
6852
Calculate the highest common factor of 133075 and 275.
25
Calculate the highest common factor of 903 and 472554.
3
What is the greatest common factor of 260050 and 2011301?
743
What is the highest common divisor of 66850 and 623350?
350
Calculate the highest common factor of 2155403112 and 24.
24
Calculate the highest common factor of 199810 and 2122915.
265
What is the greatest common divisor of 6829836 and 507?
39
Calculate the greatest common factor of 4674 and 57959322.
246
What is the greatest common factor of 60 and 6598970?
10
What is the greatest common divisor of 4638495 and 21255?
1635
What is the highest common factor of 50515608 and 1240824?
12792
Calculate the highest common factor of 295 and 6314652.
59
Calculate the greatest common factor of 340 and 3906166500.
340
Calculate the highest common divisor of 137865 and 69.
3
Calculate the highest common divisor of 784 and 149020.
4
Calculate the highest common factor of 354 and 2609262.
6
Calculate the highest common factor of 107 and 178777740.
107
What is the highest common divisor of 22 and 260957686?
22
Calculate the greatest common factor of 2094 and 12941.
1
What is the highest common factor of 1966334 and 137095?
3917
What is the highest common factor of 2861452 and 132?
44
Calculate the highest common factor of 5570094 and 552.
138
What is the highest common divisor of 3 and 1450716?
3
Calculate the highest common divisor of 38828318 and 37.
37
Calculate the highest common divisor of 219622272 and 384.
384
What is the greatest common factor of 3591 and 16683653?
133
What is the greatest common factor of 6 and 4082616?
6
What is the highest common factor of 1323 and 1893753?
27
Calculate the greatest common factor of 81 and 101990718.
27
What is the highest common divisor of 933 and 41090253?
933
What is the greatest common divisor of 12171 and 19477657?
4057
What is the greatest common divisor of 1504657984 and 2368?
2368
What is the highest common factor of 245949 and 15657477?
957
What is the greatest common factor of 14151260 and 60?
20
What is the greatest common factor of 64764 and 34564187?
1799
Calculate the highest common divisor of 295 and 508226.
59
Calculate the greatest common divisor of 72 and 585538398.
18
What is the greatest common divisor of 64053440 and 880?
880
What is the greatest common factor of 16 and 445080752?
16
Calculate the greatest common divisor of 103758 and 8038.
2
Calculate the greatest common factor of 275 and 34285775.
25
What is the greatest common divisor of 1647 and 205374861?
549
What is the greatest common divisor of 149646 and 238952?
14
What is the highest common divisor of 9118 and 21146?
194
What is the highest common factor of 348 and 88188?
12
Calculate the highest common factor of 1610582 and 1888.
118
What is the greatest common factor of 314455 and 1185650?
5155
Calculate the highest common divisor of 42166561 and 794.
397
What is the highest common factor of 32 and 484771824?
16
What is the greatest common divisor of 1177740 and 630?
90
What is the greatest common divisor of 711 and 27454317?
237
What is the highest common divisor of 453132 and 901959?
123
Calculate the highest common factor of 34815018 and 42.
42
What is the greatest common divisor of 1611937 and 202423?
677
Calculate the greatest common factor of 16526 and 23987489.
8263
Calculate the highest common divisor of 80 and 138793360.
80
What is the greatest common divisor of 2349 and 49139514?
783
What is the highest common factor of 9510 and 145683690?
9510
What is the greatest common factor of 35087998 and 506?
22
Calculate the highest common factor of 299 and 56700773.
23
What is the greatest common divisor of 13541 and 9647?
11
Calculate the greatest common divisor of 1615 and 3076898.
323
What is the greatest common factor of 1087100 and 1900?
100
Calculate the greatest common divisor of 1360852 and 1915902.
1306
What is the greatest common factor of 5180 and 5857285?
1295
What is the highest common factor of 337546 and 108?
2
What is the highest common divisor of 258200 and 190?
10
What is the greatest common factor of 154501799 and 146?
73
Calculate the highest common divisor of 20411176 and 8.
8
Calculate the highest common divisor of 109552 and 947182.
82
What is the highest common factor of 9751833 and 21?
21
Calculate the highest common divisor of 753 and 1800413462.
251
What is the highest common divisor of 39020122 and 472?
118
Calculate the highest common divisor of 112 and 127443302.
14
Calculate the greatest common factor of 381098772 and 36.
36
What is the greatest common divisor of 3877 and 2117419673?
3877
What is the highest common divisor of 40829001 and 1263?
1263
What is the highest common factor of 810 and 29839590?
810
What is the highest common divisor of 15343 and 253045?
229
What is the highest common divisor of 3648 and 29543936?
1216
What is the greatest common factor of 1992744 and 1140?
12
Calculate the greatest common divisor of 2088140 and 154580.
2620
Calculate the highest common factor of 1092 and 1081743.
39
Calculate the highest common factor of 233 and 22186027.
233
Calculate the highest common divisor of 24297 and 618105.
267
What is the greatest common divisor of 19552726 and 2036?
1018
What is the greatest common factor of 189 and 49431357?
27
Calculate the greatest common divisor of 7595073 and 6885.
459
Calculate the greatest common factor of 56543359 and 754.
29
Calculate the highest common divisor of 473177 and 63013.
61
What is the greatest common divisor of 158157612 and 6192?
1548
Calculate the greatest common divisor of 256953 and 25317.
291
Calculate the highest common divisor of 291 and 15398168.
97
What is the greatest common factor of 397204 and